3*y = j + 10. Let a be (-9 + 5 + -3 + 23)/2. List the prime factors of 250/a + (-3)/j.
2
Suppose 5*s + 17*s - 102894 = 0. List the prime factors of s.
3, 1559
Suppose 0*y + 5*m = 3*y - 191, -y = -3*m - 61. Let i = 2 + y. List the prime factors of i.
3, 23
Let s(f) = f**2 + f - 21. List the prime factors of s(14).
3, 7
Let s(t) = -t**2 + 21*t - 12. Let x be s(9). Suppose -4*v - 4*j = -6*v + x, 3*j = 5*v - 212. List the prime factors of v.
2, 5
Let g(v) = v**2 + 3*v - 3. Let t(f) = -f**2 + 3. Let j be t(0). What are the prime factors of g(j)?
3, 5
Let y(z) = 2*z**2 + 2*z + 10. Let f be 87/(-15) + 16/20. List the prime factors of y(f).
2, 5
Suppose 15 = 2*o - 3. Suppose z + 0*z - o = 0. Let b = 19 - z. List the prime factors of b.
2, 5
Suppose 3*q - 45 = -2*q. Let n = -18 + q. Let w(d) = -d**2 - 11*d + 11. What are the prime factors of w(n)?
29
Let v(t) = t**3 + 2*t + 3. Suppose 11*y = -11 + 55. List the prime factors of v(y).
3, 5
Let t(b) = 33*b**2 + 8*b - 2. Let h(c) = -32*c**2 - 8*c + 1. Let z(p) = -4*h(p) - 3*t(p). List the prime factors of z(-2).
2, 3, 17
Let p(h) be the second derivative of h**5/20 + h**4/2 + h**3/6 + 3*h**2 + h. Suppose 5 = -l - 0*l. What are the prime factors of p(l)?
2, 13
Let f(r) = -r**3 + 9*r**2 + 13*r + 1. Let k(c) = -c**2 + 7*c. Let u be k(5). What are the prime factors of f(u)?
31
Let y(w) = -w**3 - 9*w**2 + 5*w + 4. Let d be y(-7). Let m = d - -223. What are the prime factors of m?
2, 47
List the prime factors of (-2085)/10*(-198)/27.
11, 139
Let t be 39*1/(-4 - -1). Let w = 13 + t. Suppose w = 2*z + z - 45. List the prime factors of z.
3, 5
Let t be 112 - (-4 + 2 + 0). List the prime factors of (t/(-30))/(1/(-15)).
3, 19
Let k = -149 - -424. What are the prime factors of k?
5, 11
Let h(t) = t**3 + 7*t**2 + 4*t - 7. Suppose 4*z + p + 21 = -0*p, z - p = 1. Let x be 18/z + (-1)/2. What are the prime factors of h(x)?
23
Let s(j) = j**2 - j - 2. Let o be s(3). Suppose -3*u = -5*g + 259, -12 = o*u - 0*u. List the prime factors of g.
2, 5
Let n(k) = k**2 + 10*k + 23. Let f be n(-5). List the prime factors of ((-380)/(-25) + 1)*(f - -17).
3
Let s be (3/2)/(12*6/(-240)). Suppose 5*k = -25, -3*l = 4*k - 0 - 7. Let z = l + s. What are the prime factors of z?
2
Let o be 19/57 - 148/(-6). Suppose 30*g = o*g + 330. What are the prime factors of g?
2, 3, 11
Suppose -v - 18 = -2*i + v, -3*v - 15 = 0. Suppose 0 = -f - i*g - 3, f + 3*g = 2*f - 11. What are the prime factors of f?
5
Suppose 5 + 1 = 3*u. What are the prime factors of (-4277)/(-35) + 0 - u/10?
2, 61
Suppose 10 - 217 = -9*v. List the prime factors of v.
23
Let y = 878 + -332. What are the prime factors of y?
2, 3, 7, 13
Let a(v) = 18*v**2 + 5*v - 6. Let x be a(3). Let k = -40 + x. Suppose 2*m = z + k, 9*m - 3*z - 325 = 4*m. What are the prime factors of m?
2, 17
Suppose -h + 5*m = -419, -23*h + 18*h = 5*m - 2125. What are the prime factors of h?
2, 53
Suppose 0 = -3*m + 6. Suppose 5*k - m*n = k + 322, k + n = 76. What are the prime factors of k?
79
Let i(o) = -o**3 - 13*o**2 - 15*o - 4. Let k be (-16)/6*((-7)/(-2) + 1). What are the prime factors of i(k)?
2
Suppose 4*f - 1922 = -5*s, -5*f = -0*f - 5*s - 2380. What are the prime factors of f?
2, 239
Let d be (-12)/5 - 6/10. Let u be (-56)/(-21) + (-1)/d. Suppose -5 = h + u*t, 7*h - 3*h + t - 24 = 0. What are the prime factors of h?
7
Let k(a) = 0*a**2 + 2*a + 5 + 5 - 5 + 2*a**2. List the prime factors of k(-2).
3
Let i(k) = k**3 + 10*k**2 - 8*k + 1. Let x be i(-9). Suppose -5*c + x = -216. List the prime factors of c.
2, 37
Suppose 3*q - 18 = -0. Suppose -q*y = y - 42. Suppose 7*u - y*u = 30. What are the prime factors of u?
2, 3, 5
Let o(n) = 8825*n + 9. Let l be o(-1). What are the prime factors of l/57*3/(-2)?
2, 29
Suppose -2*q + 2*n = -28, q = -3*n + 5 + 17. Let s be q/(-12)*-6 + 4. Suppose -d = 0, s = 2*i - 0*i + d. List the prime factors of i.
2, 3
Let t(l) = 1 - 4*l**2 - 9 + 9*l + 6*l**2. List the prime factors of t(-12).
2, 43
Let x = -278 + 410. List the prime factors of x.
2, 3, 11
Suppose -4*m = y - 1710, 4*y + 5*m + 2138 = 8967. List the prime factors of y.
2, 853
Let t(s) = -3*s + 33. Let p be t(10). Suppose 5*z + 10 = 0, 0*v + z = -p*v + 325. What are the prime factors of v?
109
Suppose -18172 = -8*o - 20*o. List the prime factors of o.
11, 59
Suppose 33*n = 34*n - 111. What are the prime factors of n?
3, 37
Let r(o) = o**3 + 14*o**2 - o - 12. Let y be r(-14). Suppose 0 = -y*k + 3*q - 11 + 59, 0 = 5*k - 3*q - 129. List the prime factors of k.
3
Let o(t) = -t + 5. Let z be o(17). Let h(n) = -5*n - 1. List the prime factors of h(z).
59
Suppose -2*v - 2*v - 3*i = -35, -2*i = 2*v - 20. Suppose -2 = h - v. Suppose 120 = -h*x + 7*x. List the prime factors of x.
2, 3, 5
Let k be ((-24)/(-110) - (-28)/154)*5. List the prime factors of k/8 - ((-1596)/16 + 3).
97
Suppose -5*o + 5*k = -135 - 4800, k = 4*o - 3948. What are the prime factors of o?
3, 7, 47
Suppose 20 = 5*h - 10. Let o be (-4)/14 - (-19)/(-7). List the prime factors of h - (0/o + 1).
5
Let h(p) be the first derivative of -p**7/420 - p**6/360 - p**3/3 + 2. Let q(k) be the third derivative of h(k). What are the prime factors of q(-2)?
2, 3
What are the prime factors of 26/((2/14)/(444/24))?
7, 13, 37
Let w be 3/(-18) + 927/54. Let a = w - -4. List the prime factors of a.
3, 7
Suppose -31*v = d - 32*v - 4533, -15 = 3*v. What are the prime factors of d?
2, 283
Suppose -x = -5*i - 1361, 0 = -4*x + 5*i + 1506 + 3908. What are the prime factors of x?
7, 193
Suppose 0 = 9*q - 14*q + 160. Suppose -12 = -z + q. List the prime factors of z.
2, 11
Let x be (-8)/(-5)*(-10)/(-4). Suppose 3*l + 5*j - 9 = 0, -2*j = -l - l + 6. Suppose -x*n + 2*n + l*m = -61, -3*n = m - 86. List the prime factors of n.
29
Let y(k) = -k - 4 + 9 + 6 - 1. Let w be y(5). Suppose 5*z - 45 = -w*g, -4*g + 0*g - 44 = -4*z. What are the prime factors of z?
2, 5
Let q = -5 - -16. Let o(t) = -t + 31. Let a be o(q). Suppose -4*j - a = 0, 0*h - j = 4*h - 31. List the prime factors of h.
3
Let s be 0*(0 + 2 - (6 + -3)). Suppose -510 = -5*i - s*i. What are the prime factors of i?
2, 3, 17
Let v = -17 - -14. Let i = -5 + v. Let u = i + 12. List the prime factors of u.
2
Suppose 0 = 2*y - 21 - 77. What are the prime factors of y?
7
Let c = -8 + 13. Suppose 2*l + 9 + 5 = s, s = -c*l + 7. List the prime factors of s.
2, 3
Suppose 4*z = 4*d - 7*d + 10209, 5*d - 17044 = 3*z. List the prime factors of d.
3407
Let a(s) = 2*s - 5. Let j = -5 - -21. What are the prime factors of a(j)?
3
Suppose 5*r = -0*r + 205. Let k = -23 + r. List the prime factors of (27/(-18))/((-1)/k).
3
Let v(t) = -3*t + 6. Let n be v(4). Let i be 11*-1 + (-6)/n. List the prime factors of (-186)/i - 24/(-60).
19
Suppose -41*z = -6*z - 39970. What are the prime factors of z?
2, 571
Let h = 6 + -8. Let t be (6 - 8)*39/h. Suppose -3*s = -f - 0 + t, -s = -f + 35. List the prime factors of f.
3, 11
Suppose 4*z + 5*q = 1008, -3*q = 3*z - q - 763. Suppose 8*w = -9 + z. What are the prime factors of w?
31
Let q(b) = b**3 + 7*b**2 + 9*b - 6. Let y(g) = -g**3 - 6*g**2 - 9*g + 7. Let h(m) = 4*q(m) + 3*y(m). Let o be h(-9). What are the prime factors of 25 + o/1 + 0?
2, 11
Let c = 1878 + 846. What are the prime factors of c?
2, 3, 227
Let c(a) = 6*a - 18. Let n be c(3). Suppose 6*p - p - 560 = n. What are the prime factors of p?
2, 7
Let k(a) = a**3 - 2*a**2 - a - 2. Let q be k(3). Suppose 25 = p + q*p. Suppose 0 = -4*m - 3*d + 116, 2*d = -p*m - 3*d + 150. What are the prime factors of m?
2, 13
Let d(w) = -w**3 - w**2 - w + 6. Let u be 0/((-6)/(-3) + 0). Let c be u*1/4 + -3. List the prime factors of d(c).
3
Let r be (-1)/((-2)/(-3))*(-20)/6. Suppose 0 = -x + r*x - 120. List the prime factors of x.
2, 3, 5
Suppose -4*h + h + 12 = 0. Let m(c) = c**3 - 3*c - 3. Let t be m(h). Suppose 3*a = -p - p + 106, -2*a + 3*p = -t. List the prime factors of a.
2
List the prime factors of (-14)/(-8) - (-26348)/112.
3, 79
Let c = -156 - -159. Let q(i) = -i**3 - 2*i**2 + i - 4. Let z be q(-3). Suppose z*d = c*m - m - 22, 3*d = -m + 3. List the prime factors of m.
3
Suppose -4*z - 696 = -240. Let g = z + 320. What are the prime factors of g?
2, 103
Let t = -45 - -214. Let k = t - -29. List the prime factors of k.
2, 3, 11
Let z = 69 + -41. Suppose -4*s - z = 